e prime factors of t.
2, 3
Suppose 0*t + 2*t - 312 = 5*j, -568 = -4*t - 4*j. Let x = 297 - t. List the prime factors of x.
151
Let h = 262 + -92. List the prime factors of h.
2, 5, 17
Let m = -150 + 60. List the prime factors of (-8 - -7)/(1/m).
2, 3, 5
Let b be 552/18 + 1/3. Suppose -t + 24 = 2*t + 3*p, 4*t - b = -3*p. What are the prime factors of t?
7
Let c = 222 + 336. List the prime factors of c.
2, 3, 31
Let m be 12 - (3 + 0)*-1. Suppose 3*z - 4*q = -0*z + 9, -5*q = m. Let c(k) = -6*k - 1. List the prime factors of c(z).
5
Let u = -51 - -54. Suppose -41 = -u*s + 502. What are the prime factors of s?
181
Let t(s) = -3187*s**3 + s**2 - 12*s - 13. What are the prime factors of t(-1)?
3187
Let u(i) = -7*i**2 - 2*i + 6. Let x(g) = -g**2. Let t(y) = -u(y) + 6*x(y). Let d be t(-8). Let b = 70 - d. What are the prime factors of b?
2, 7
Let v = -56 - -54. Let t(o) = -o - 2. Let j be t(-4). List the prime factors of (8 - j)*(-9)/v.
3
Let w(m) = -m + m + 2*m**2 + m + 7. What are the prime factors of w(3)?
2, 7
Let f(l) = l**3 - 9*l**2 - 11*l + 16. Let o be f(9). Let t = o + 92. List the prime factors of t.
3
What are the prime factors of (457/(-5))/((-24)/120)?
457
Let j = 3977 + -2577. What are the prime factors of j?
2, 5, 7
Suppose -2*g + 4*q = 6*q - 1360, 2*g - 4*q = 1354. List the prime factors of g.
7, 97
Let h(g) = 4*g**2 - 2*g - 6. Suppose -4 + 9 = a. Let q be h(a). Suppose k + 5*o - q = -3*k, -4*o = -4*k + 84. List the prime factors of k.
3, 7
What are the prime factors of ((-10)/(-6))/(110/31614)?
479
Suppose 0 = -25*y + 2965 + 4560. List the prime factors of y.
7, 43
Suppose -12*i - 792 = -0*i. Let j = i + 90. What are the prime factors of j?
2, 3
Let b(h) = -h**2 - 8*h - 8. Let g be b(-6). Suppose -7*v + 51 = -g*v. Let f = v + -8. What are the prime factors of f?
3
Suppose -6516 - 11726 = -14*h. What are the prime factors of h?
1303
Let s(f) = -85*f + 185. List the prime factors of s(-9).
2, 5, 19
Suppose -31*g = -39*g + 1880. List the prime factors of g.
5, 47
Suppose -6*a + 278 = -112. Let i(u) = 2*u - 10. Let l be i(7). Suppose -l*d + 3*d + a = 0. List the prime factors of d.
5, 13
Suppose -4*k - 4 - 8 = 0. Let f = k - -9. Suppose f = 2*a - 24. List the prime factors of a.
3, 5
Let d be (-1 - -4)*(-10)/(-6). Suppose -4*c + 284 = -4*x + d*x, -2*x - 3*c = -548. What are the prime factors of x?
2, 67
Let d = 1409 + -621. List the prime factors of d.
2, 197
Suppose 3*r + 3*o - 12 = 0, 5*r - 4*o = 46 + 10. List the prime factors of 846/r - (-3)/(-4).
3, 5, 7
Suppose -14*x + 10*x = -1396. List the prime factors of x.
349
Let z(t) = -40*t + 4*t + 20*t + 1 - 32*t. List the prime factors of z(-1).
7
Suppose 0 = -9*f + 4*f - 60. Let w be 2/(3 - (-28)/f). List the prime factors of 4*(5 - w)/4.
2
Suppose -2*v = -148 - 902. Suppose 7*x - v - 189 = 0. List the prime factors of x.
2, 3, 17
Let i = -138 - -3429. What are the prime factors of i?
3, 1097
Suppose -6*p + 40 = 2*p. Suppose p*s = -2*y + 265, 5*s + 15 + 95 = y. List the prime factors of y.
5
Suppose 0*a + 4*j = 2*a + 20, 5 = 3*a + j. Suppose 11*z - 6*z - 435 = a. Let l = z - 46. What are the prime factors of l?
41
Suppose -2*h + 10 = -2*u, h - 9 = 2*u - 3. Suppose -h*q + 100 = q. What are the prime factors of q?
2, 5
Let d(v) = -v**2 - 24*v - 25. Let l(o) = o**3 + 22*o**2 - 21*o + 25. Let i be l(-23). List the prime factors of d(i).
2, 19
Suppose -2*h = f - 1209, 7*h - 3*h - 2*f = 2414. List the prime factors of h.
2, 151
Let i(w) = w**2 - 22. What are the prime factors of i(15)?
7, 29
Suppose 5*q - q = -812. Let o = q - -297. Suppose -4*j - o = -6*j. List the prime factors of j.
47
Let w(d) = -4*d - 43. Let b be w(-11). What are the prime factors of 1178/12 + (b/6)/(-1)?
2, 7
Let l = 17 + -7. Let o be l/20 - (-33)/(-2). Let t = 32 + o. List the prime factors of t.
2
Suppose 4*b - 9 = 75. What are the prime factors of 140 - (4/(-6) - 49/b)?
11, 13
Suppose -802 = -5*t + 2*m - 202, t - 120 = -4*m. Let v = t + -53. What are the prime factors of v?
67
Suppose 3*m = 2*n + 2785, 31*m - 30*m - 917 = -5*n. What are the prime factors of m?
3, 103
Let k = 21 + -13. Suppose 2*x + 2*p = k, p + 2 = 4*x - 4. Suppose x*t + 140 = 7*t. What are the prime factors of t?
2, 7
Let l = -13 + 17. Suppose y = -p + 208, 3*y + 860 = l*p - 0*y. What are the prime factors of p?
2, 53
Suppose 0 = 2*q - 1243 - 1083. What are the prime factors of q?
1163
Let o = 2680 + 70. List the prime factors of o.
2, 5, 11
Let z be (-5658)/(-4)*14/21. Suppose -2*a + 2*t + 382 = 0, -2*a + z = 3*a - t. Suppose -3*b = -12, 3*i - 4*b + 54 - a = 0. What are the prime factors of i?
2, 5
List the prime factors of (-3)/7 - ((-2551)/(-7))/(-1).
2, 7, 13
Suppose 0 = -5*r + 13 + 7. Suppose 0 = v + r*v - 15. Suppose -2*s - v*n = -4*n - 70, -3*n + 123 = 3*s. List the prime factors of s.
37
Let x = -2 + -14. Let g = -13 - 0. Let l = g - x. List the prime factors of l.
3
Let i = 49 - 52. List the prime factors of i - (-90 + -2 + 5).
2, 3, 7
Suppose -7*k = -2*k. Suppose k = o - 28 - 34. List the prime factors of o.
2, 31
Let y(q) = q**3 + q**2 - 2. Let r be y(0). What are the prime factors of r/11 - 2648/(-44)?
2, 3, 5
Let w(r) = r**3 - 5*r**2 - 7*r - 12. Let d be w(7). Let i = d + 82. What are the prime factors of i?
7, 17
Suppose 4*b = -224 + 5672. List the prime factors of b.
2, 3, 227
Let h(l) = l + 6. Let m be h(-4). Suppose -m*w - 3*z - 2*z = -16, 0 = -z. Suppose s = 15 + w. List the prime factors of s.
23
Let v be 11*77 + 10/(-25)*-10. Suppose -4*h - 6*u + v = -u, -3*h = 3*u - 636. What are the prime factors of h?
11, 19
Suppose -3*q = 4*y - 644, 5*y - 2*q - 1040 = -258. What are the prime factors of y?
2, 79
Let o = -2551 + 3022. What are the prime factors of o?
3, 157
Suppose -3*s + 4*c = -1535, 7*c - 12*c = -2*s + 1028. List the prime factors of s.
509
Let o = -12 - -15. Suppose 0*r - o*v = 4*r - 8, 0 = 2*v. List the prime factors of r*(36 - 8/4).
2, 17
Let m be (-13)/(-39)*((1 - 3) + 1457). Suppose -m = -3*t + 4*b + 51, -2*b = 3*t - 524. What are the prime factors of t?
2, 11
Suppose y = -4*y + 45. Suppose -n + y = -0*n. List the prime factors of (n + -12)/((-3)/4).
2
Suppose -5*m - 10 = -3*r, -4*r + 0*r + 24 = 4*m. Suppose 2*a = -2*y + 232, 355 + 233 = r*y + a. What are the prime factors of y?
2, 59
Suppose -4*p = 5*l - 2 - 3, 3*p = -4*l + 4. Suppose -4*q - 1 + 17 = p. Suppose 36 = -q*d + 128. What are the prime factors of d?
23
Suppose 0 = 2*f - 10, -3*f = -0*y - y + 143. Suppose -y = -5*s - h, 3*h + 0*h - 133 = -4*s. List the prime factors of s.
31
Suppose w + 4*w = 15. Suppose -w*i + 4*i - 70 = 4*y, i + 2*y = 76. What are the prime factors of i?
2, 37
Suppose 3*k - 26 = -0*k - 4*h, 3 = -k + h. Suppose -k*p + 2*q = -80, -4*p - 4*q + 45 = -3*p. List the prime factors of p.
41
Let v(l) = 12*l - 5. Let c(n) be the second derivative of 35*n**3/6 - 8*n**2 + 10*n. Let z(j) = 6*c(j) - 17*v(j). What are the prime factors of z(8)?
37
Let j(y) = -2*y**2 - 25*y - 36. What are the prime factors of j(-9)?
3
Let v(h) = 4*h**3 - 28*h**3 + 2 - 3*h + h - 2*h**2. Let n be v(-2). Let a = n + -121. List the prime factors of a.
3, 23
Let j = 3 + -3. Let y(l) = 3*l**3 + 93*l**2 + l + 36. Let a be y(-31). Suppose 5*b = 4*c - 269, 349 = a*c - j*b - 2*b. List the prime factors of c.
71
Suppose 4*v - 4 = -4*w, 9 = 5*v - 2*v + w. Suppose -2 - v = -2*s. Suppose 0 = -a + s*a - 58. What are the prime factors of a?
29
Suppose 115*k = 100*k + 13350. List the prime factors of k.
2, 5, 89
Suppose 8 = -2*w + 4*w, 4*w = -5*t + 66. Suppose 241 = 3*a + t. List the prime factors of a.
7, 11
List the prime factors of ((-846)/7)/(14 - (-7505)/(-532)).
2, 3, 47
Let l = 15 + -15. Let u be (-2)/(-2) + -1 + 5. Suppose l*y + u*v = -3*y + 35, -5*y + 85 = 3*v. What are the prime factors of y?
2, 5
Suppose -5*w - q = -2241 - 5294, -4*w - 5*q + 6007 = 0. What are the prime factors of w?
2, 13, 29
Let t(a) = 11 + 5*a**2 + 2*a**2 - a**2 - 5*a**2. What are the prime factors of t(4)?
3
Let d(m) = 211*m**2 - m. What are the prime factors of d(-1)?
2, 53
Suppose f + 186 - 5182 = 3*z, -4*z = -5*f + 25024. List the prime factors of f.
2, 313
Let y be (25 + -26)*(1 + 4*-1). Let v(q) = q + 109. Let o be v(0). Suppose -6*t + 5*z + o = -2*t, 4*t - y*z = 107. List the prime factors of t.
2, 